{"id":35,"date":"2025-04-03T16:21:33","date_gmt":"2025-04-03T16:21:33","guid":{"rendered":"https:\/\/expai.ftpporto.com\/?page_id=35"},"modified":"2025-10-09T10:07:54","modified_gmt":"2025-10-09T10:07:54","slug":"ficha-tecnica","status":"publish","type":"page","link":"https:\/\/expai.ftpporto.com\/?page_id=35","title":{"rendered":"Ficha T\u00e9cnica"},"content":{"rendered":"<div class=\"wpb-content-wrapper\"><div style=\"min-height: 100px\" data-vc-full-width=\"true\" data-vc-full-width-init=\"false\" class=\"vc_row wpb_row vc_row-fluid\"><div class=\"wpb_column vc_column_container vc_col-sm-12\"><div class=\"vc_column-inner\"><div class=\"wpb_wrapper\">\n\t<div class=\"wpb_text_column wpb_content_element\" >\n\t\t<div class=\"wpb_wrapper\">\n\t\t\t<p><strong>Nome de opera\u00e7\u00e3o<br \/>\n<\/strong>NORTE2030-FEDER-01241300<\/p>\n<p><strong>Nome de Entidade Benefici\u00e1ria<br \/>\n<\/strong>FTP-Lda: Investimento: 372.014,51\u20ac Incentivo: 276.458.81\u20ac<br \/>\nISEP: Investimento: 388.957,16\u20ac Incentivo: 330.613,59\u20ac<br \/>\nEdgar Pra\u00e7a: Investimento: 92.301,78\u20ac Incentivo: 65.939,76\u20ac<\/p>\n<p><strong>Investimento Total | <\/strong>853 273.45 \u20ac<br \/>\n<strong>Apoio Financeiro da Uni\u00e3o Europeia | <\/strong>673 012.16 \u20ac<\/p>\n<p><strong>Objectivo<br \/>\n<\/strong>A Ind\u00fastria 4.0 est\u00e1 a transformar o setor industrial com tecnologias emergentes, como Rob\u00f4s M\u00f3veis Aut\u00f3nomos, Intelig\u00eancia Artificial e Sistemas de Progn\u00f3stico, proporcionando maior efici\u00eancia, flexibilidade e redu\u00e7\u00e3o de custos operacionais. No entanto, desafios como a complexidade dos sistemas, elevados custos de manuten\u00e7\u00e3o, erros humanos e consumo energ\u00e9tico dificultam a ado\u00e7\u00e3o destas tecnologias. O projeto EXPAI, financiado pela Uni\u00e3o Europeia, prop\u00f5e uma solu\u00e7\u00e3o baseada em IA Explic\u00e1vel, garantindo maior transpar\u00eancia e controlo sobre os processos industriais. O financiamento europeu permite o desenvolvimento de ferramentas inovadoras para otimizar opera\u00e7\u00f5es, reduzir falhas inesperadas, melhorar a seguran\u00e7a na colabora\u00e7\u00e3o Homem-Rob\u00f4 e aumentar a efici\u00eancia energ\u00e9tica. Com este apoio, o EXPAI poder\u00e1 criar um ambiente digital mais acess\u00edvel e eficaz, beneficiando as empresas industriais na transi\u00e7\u00e3o para a Ind\u00fastria 4.0, reduzindo custos e aumentando a competitividade no mercado global.<\/p>\n\n\t\t<\/div>\n\t<\/div>\n<\/div><\/div><\/div><\/div><div class=\"vc_row-full-width vc_clearfix\"><\/div><div data-vc-full-width=\"true\" data-vc-full-width-init=\"false\" class=\"vc_row wpb_row vc_row-fluid\"><div class=\"wpb_column vc_column_container vc_col-sm-12\"><div class=\"vc_column-inner\"><div class=\"wpb_wrapper\">\n\t<div id=\"imagem-barra\" class=\"wpb_single_image wpb_content_element vc_align_center wpb_content_element\">\n\t\t\n\t\t<figure class=\"wpb_wrapper vc_figure\">\n\t\t\t<div class=\"vc_single_image-wrapper   vc_box_border_grey\"><img loading=\"lazy\" decoding=\"async\" width=\"1438\" height=\"188\" src=\"https:\/\/expai.ftpporto.com\/wp-content\/uploads\/2025\/04\/Barra-Financiamento.png\" class=\"vc_single_image-img attachment-full\" alt=\"\" title=\"Barra Financiamento\" srcset=\"https:\/\/expai.ftpporto.com\/wp-content\/uploads\/2025\/04\/Barra-Financiamento.png 1438w, https:\/\/expai.ftpporto.com\/wp-content\/uploads\/2025\/04\/Barra-Financiamento-300x39.png 300w, https:\/\/expai.ftpporto.com\/wp-content\/uploads\/2025\/04\/Barra-Financiamento-1024x134.png 1024w, https:\/\/expai.ftpporto.com\/wp-content\/uploads\/2025\/04\/Barra-Financiamento-768x100.png 768w\" sizes=\"auto, (max-width: 1438px) 100vw, 1438px\" \/><\/div>\n\t\t<\/figure>\n\t<\/div>\n<\/div><\/div><\/div><\/div><div class=\"vc_row-full-width vc_clearfix\"><\/div>\n<\/div>","protected":false},"excerpt":{"rendered":"Nome de opera\u00e7\u00e3o NORTE2030-FEDER-01241300 Nome de Entidade Benefici\u00e1ria FTP-Lda: Investimento: 372.014,51\u20ac Incentivo: 276.458.81\u20ac ISEP: Investimento: 388.957,16\u20ac Incentivo: 330.613,59\u20ac Edgar Pra\u00e7a: Investimento: 92.301,78\u20ac Incentivo: 65.939,76\u20ac Investimento Total | 853 273.45 \u20ac Apoio Financeiro da Uni\u00e3o Europeia | 673 012.16 \u20ac Objectivo A Ind\u00fastria 4.0 est\u00e1 a transformar o setor industrial com tecnologias emergentes, como Rob\u00f4s M\u00f3veis ... <a title=\"Ficha T\u00e9cnica\" class=\"read-more\" href=\"https:\/\/expai.ftpporto.com\/?page_id=35\" aria-label=\"Leia mais sobre Ficha T\u00e9cnica\">Ler mais<\/a>","protected":false},"author":1,"featured_media":0,"parent":0,"menu_order":0,"comment_status":"closed","ping_status":"closed","template":"","meta":{"footnotes":""},"class_list":["post-35","page","type-page","status-publish"],"_links":{"self":[{"href":"https:\/\/expai.ftpporto.com\/index.php?rest_route=\/wp\/v2\/pages\/35","targetHints":{"allow":["GET"]}}],"collection":[{"href":"https:\/\/expai.ftpporto.com\/index.php?rest_route=\/wp\/v2\/pages"}],"about":[{"href":"https:\/\/expai.ftpporto.com\/index.php?rest_route=\/wp\/v2\/types\/page"}],"author":[{"embeddable":true,"href":"https:\/\/expai.ftpporto.com\/index.php?rest_route=\/wp\/v2\/users\/1"}],"replies":[{"embeddable":true,"href":"https:\/\/expai.ftpporto.com\/index.php?rest_route=%2Fwp%2Fv2%2Fcomments&post=35"}],"version-history":[{"count":16,"href":"https:\/\/expai.ftpporto.com\/index.php?rest_route=\/wp\/v2\/pages\/35\/revisions"}],"predecessor-version":[{"id":218,"href":"https:\/\/expai.ftpporto.com\/index.php?rest_route=\/wp\/v2\/pages\/35\/revisions\/218"}],"wp:attachment":[{"href":"https:\/\/expai.ftpporto.com\/index.php?rest_route=%2Fwp%2Fv2%2Fmedia&parent=35"}],"curies":[{"name":"wp","href":"https:\/\/api.w.org\/{rel}","templated":true}]}}